?
7
1 + -6 + (-138 - -143)
0
Evaluate -10 + (-5 - -10 - -10).
5
What is -7 - 7 - -7 - -4 - -5?
2
Evaluate 21 + -12 + -2 + -1.
6
Calculate (-5 - -4) + (-3 - -13) - 4.
5
Evaluate (-7 - (4 - 11)) + -4.
-4
What is the value of 2 + (-4 + (0 - -2) - 5)?
-5
Calculate -2 + 5 + 0 - -1.
4
Evaluate (-6 - (0 + 4)) + (2 - -2).
-6
Evaluate 4 - ((10 - 17) + 5).
6
Calculate -10 + 0 + -4 - -5.
-9
What is -2 + 3 + -4 + 2 + -1?
-2
Calculate 3 + (4 - 2) - 6.
-1
Calculate -8 - (22 + -26 - (-1 + 1)).
-4
(-1 - 4) + (-5 - (-6 + -1))
-3
What is (-5 - 1) + -1 + 9?
2
What is (2 - -2) + -34 + 25?
-5
Evaluate -4 + (9 - 3) + -2.
0
-3 + 0 + (-5 + -2 - -14)
4
5 - 2 - (32 + -24)
-5
What is -7 + -10 + (9 - 3 - 0)?
-11
What is -6 + (4 - ((-7 - -10) + 1))?
-6
Evaluate 3 - ((-5 - 2) + (-29 - -34)).
5
0 + -5 + (-4 - -5) + 2
-2
-2 + 1 + (0 - -5)
4
Evaluate 2 + (-5 - (3 + -11)).
5
Calculate 6 - (10 + -2 - -1).
-3
What is -4 - (-10 - 0 - -2)?
4
-4 + (-3 - (2 + -7) - 0)
-2
What is -12 + (12 - 7) + -3?
-10
What is 4 + 0 - (-5 + 4 + 4)?
1
What is -4 + (1 - (-1 + -2 + 3))?
-3
Evaluate -3 + (6 + -3 + -4 - 0).
-4
Evaluate (3 - (5 - -1)) + -1 + -1.
-5
-1 - 3 - (-2 + 3 - -2)
-7
What is the value of 3 - (1 + -1) - (2 + -1)?
2
What is -4 - (-2 - 7) - 4?
1
Calculate -4 + 0 - (-2 - (0 + 0)).
-2
What is -6 + 11 - 7 - (-1 + -5)?
4
Evaluate 10 - (8 + (-5 - -4)).
3
Evaluate 13 - 5 - (-4 - -5 - -4).
3
What is 5 - (7 + -7 + 2 + 4)?
-1
(0 - 1) + (-1 - -1 - 3)
-4
What is the value of -35 + -5 + 29 + (1 - -3)?
-7
What is (-8 - -14) + (-24 - -5) - -3?
-10
Calculate 2 - 8 - (-8 - -5).
-3
0 + 5 - (6 - 6)
5
Calculate 0 - (4 + 3 + -3).
-4
What is 0 - (4 - 4 - (1 + -2))?
-1
(-2 - -2 - -4) + 8 + -7
5
What is (-2 - -1 - -5) + (5 - 11)?
-2
Evaluate (-10 - -2) + 2 + (4 - 1).
-3
What is the value of -3 - (-8 + (-8 - -8))?
5
Evaluate (-2 - -1) + 7 + (17 - 20).
3
Calculate (-6 - -8) + 2 - (0 - 0).
4
-4 - (-3 + (3 - 1))
-3
What is the value of -6 - (-6 + 2 + -5)?
3
Evaluate (-3 - (-4 - 5)) + -14.
-8
Evaluate -10 - (6 - (16 + -3)).
-3
Calculate -7 - (-4 - (9 + -3)).
3
Calculate (6 - 3) + -11 + (-11 - -17).
-2
(1 - 2) + 3 + 0 - 2
0
What is the value of 4 - (9 + -1 + (-4 - -3))?
-3
What is (-3 - (-1 + (3 - 2))) + 0?
-3
Evaluate 9 + -6 + 3 + 3.
9
6 - (3 + 5) - (2 - 0)
-4
0 + -3 - (-4 + 7)
-6
What is 1 - (2 - -3 - 2) - 5?
-7
What is -5 + 2 + (3 - -1)?
1
(-7 + -3 - -6) + -1
-5
(14 - 17) + (-5 - -2)
-6
What is the value of 4 - (2 - (-3 + 2 - 2))?
-1
What is -1 + (-10 - -5) - -4?
-2
What is 1 + 0 + (7 - (1 - -9))?
-2
16 + (7 - 4) + -11
8
Calculate (7 - 2 - 7) + 7 + -2.
3
What is 67 + -73 + (-1 - -2)?
-5
What is 7 - (-7 + (-8 - -6) + 6)?
10
What is the value of -1 + 1 + (-5 - -2) + 5?
2
Calculate (-1 - (-16 - -6)) + -5.
4
-14 + 4 - (-2 + -15)
7
3 - (3 + -3 - 0)
3
What is 20 + -14 - 19 - -6?
-7
Calculate 11 + -11 - ((-2 - -4) + -1).
-1
Evaluate 8 + -2 + -7 + 4.
3
-1 + (1 + 2 - -1)
3
Evaluate 1 - (-3 - -6 - 1 - 2).
1
What is -6 - -11 - (2 + (0 - -1))?
2
What is the value of 1 + 1 - 1 - (-25 + 36)?
-10
What is -5 - (-5 + (-8 - -12))?
-4
Evaluate 10 - (4 + (-2 - (6 + -9))).
5
What is the value of 3 - ((5 - -3) + -8)?
3
What is 0 + (-1 + 4 + 0 - 1)?
2
Evaluate 5 - 9 - (0 - 4).
0
Evaluate -9 + (-10 - -3) + 10.
-6
What is (-1 - 1) + (-20 - -21)?
-1
What is -5 + 1 + 8 + -2?
2
What is the value of 9 + -3 + (-1 - 11)?
-6
Evaluate (-1 - 2) + (2 - -2).
1
Calculate 16 - (3 - (-8 - -2 - -4)).
11
What is the value of -5 - (-12 - (-3 + -2))?
2
What is -3 - (1 + 3 + -3)?
-4
What is the value of 0 + (1 - 8) - (26 - 30)?
-3
What is 3 - (1 + (0 - 3))?
5
What is the value of -1 + -4 + (0 - -4)?
-1
What is the value of -2 - 0 - (5 + 2 + -5)?
-4
What is the value of 10 - 6 - (4 + -1)?
1
What is 4 + (3 - -4) - (-5 + 8)?
8
(-1 + 4 - (5 + 0)) + 4
2
What is -4 + 2 + (7 - 9)?
-4
Calculate 6 + -2 - 4 - 5.
-5
(-2 - 1) + (-28 - -35)
4
What is -9 + 11 + -1 - 3?
-2
Calculate -6 + (6 + 0 - (-43 - -40)).
3
(-5 - -5 - (-6 - -1)) + -4
1
What is the value of (-3 - 1) + 9 + (21 - 20)?
6
Calculate 1 + (-2 - -4) + 0.
3
What is (-3 - -1) + -2 + 2 + 11?
9
What is the value of -3 + -8 - -13 - 0?
2
What is the value of -12 + -4 + 10 + 0 + -4?
-10
Evaluate 5 + (-6 - (-3 - 1)) + 2.
5
-57 + 56 - (2 - -2)
-5
-9 - (-14 - (9 - 19))
-5
What is 1 + (3 - 1) + -3 + -5?
-5
3 - (-9 - 0) - (32 + -29)
9
Calculate -2 - 2 - (24 - 24).
-4
What is 0 + -6 + 2 - (-4 + 0)?
0
Evaluate 3 + 0 + -2 - (-3 + -1).
5
Calculate (5 - 0) + -7 - -4.
2
Evaluate -2 - (5 - (5 - (-9 - -4))).
3
Calculate (-4 - -8 - 4) + 2 + -5.
-3
Evaluate 2 + (3 - -3) + -3.
5
What is the value of -23 + 19 - (-2 + (0 - 0))?
-2
-3 + -4 + (-45 - -48)
-4
Calculate -4 - -1 - (-10 + -4).
11
Calculate 3 + -6 - -2 - -1.
0
What is (4 - 1 - (-5 + 8)) + 1?
1
(8 - 0 - (-12 + 14)) + -2
4
(5 - (0 - 5)) + -4
6
-11 + 20 + -1 + -9
-1
6 - (-8 + 15) - (1 - -1)
-3
Calculate 1 + (-2 - -12 - 13).
-2
What is the value of -4 + (2 - -4) + -8?
-6
What is the value of -6 + 15 + -5 + -4?
0
(20 - 14) + (-4 - 1)
1
What is the value of (11 - 9 - (2 + 1)) + -2?
-3
What is 1 + (4 - (-1 - -4)) + 2?
4
What is (-1 - (-3 + -3)) + -8 + 10?
7
-1 + (-6 - (-7 + 5))
-5
What is 0 + -16 - (-72 + 63)?
-7
Calculate -6 - 0 - (-24 + 25).
-7
Evaluate 8 - ((-6 - -5) + (1 - -2)).
6
Calculate (5 - (4 - (4 - 4))) + -3.
-2
Calculate 1 + -4 + (5 - 9 - -3).
-4
Calculate -6 + 6 - (6 - 2 - 2).
-2
Evaluate -23 + (11 - 6) + 0 - -8.
-10
-4 - 5 - (-1 + -3)
-5
What is the value of -2 + (-4 - (6 + -8))?
-4
Calculate (8 + -1 - 19) + 7.
-5
What is the value of 8 - (6 - -11 - 6)?
-3
What is the value of 11 - 16 - (-6 + -1)?
2
Calculate -4 - (6 + -11 + -3).
4
Calculate -1 + -1 + -6 + 10.
2
Calculate -1 + (10 + -12 - (-2 - 1)).
0
What is 7 - (-1 - 1 - (-12 - -6))?
3
Evaluate 3 + 0 + (12 - 14) + 9.
10
2 + 0 + 0 + -3 + 6
5
1 - (6 - (-2 + 3 - 1))
-5
Evaluate (21 - 28) + (5 - 1).
-3
What is the value of -12 - -10 - (-5 - -8 - 7)?
2
Calculate 2 + (6 - 11 - -6).
3
What is 2 + 1 + -3 + 2?
2
What is -1 + 1 + 3 + -4 + -2?
-3
3 + 11 + -12 - 3
-1
10 + -2 + 0 + -7
1
What is -4 + 1 + 4 + -4?
-3
What is (2 - 0) + 4 + 0?
6
Evaluate -7 - (6 + -10 - 1) - -6.
4
Evaluate (-4 - -3 - -2 - 4) + 4.
1
What is the value of 2 + -2 + -3 + 2?
-1
What is the value of -17 - (-1 + 3 + -12)?
-7
Calculate 7 + -1 + -3 + (-12 - -13).
4
Calculate 0 - 1 - (-8 + 3).
4
Evaluate 3 + 10 + -10 + (3 - 5).
1
-35 + 34 - (-1 + -2)
2
What is the value of (1 + -4 - -1) + -3?
-5
What is 1 + 3 + (4 - 10) + -2?
-4
What is the value of 2 - (5 - ((1 - 7) + 6))?
-3
What is (20 - 12) + 0 + -3 + 1?
6
Calculate 2 + -4 - 2 - (-33 + 27).
2
Evaluate 20 + -2 + (-35 - -26).
9
What is the value of 9 + (-11 - -17 - 12)?
3
Calculate -1 + -9 + (253 - 248).
-5
5 - (5 + (5 - 2))
-3
What is the value of 1 + -2 + (1 - 7) - -2?
-5
Evaluate -17 - -2 - (-10 - -2) - -11.
4
Calculate 3 + (-6 - -4) + -4.
-3
What is 4 + 6 + -8 - 7?
-5
Evaluate 1 + 6 + (-2 - (-1 + 5)).
1
Calculate -5 + 5 + (7 - 0 - 2).
5
Evaluate 5 + (-3 - 4) + -3 + 3.
-2
Evaluate 5 - (11 + 0) - -6.
0
What is the value of -3 + 0 + -3 + 11 - 3?
2
-4 - 2 - (5 + -16)
5
Evaluate (-14 - -1 - -15) + -10.
-8
What is -1 + (-3 - -6) + 1?
3
What is -4 + -3 - -4 - 1?
-4
1 + 6 + 2 + -4
5
Calculate 4 - (-11 + 5 + 5).
5
Calculate -6 + (14 - (10 + -6) - 7).
-3
Evaluate -26 + 27 + 0 + 2.
3
Evaluate 3 + -13 - (-4 + -10).
4
-2 - (-7 + 10) - -8
3
-3 + 6 + (0 - (2 - 4))
5
What is the value of 0 + 0 + -2 + 1 - -2?
1
What is -4 - -7 - 1 - (3 + -4)?
3
Evaluate (-5 - -2) + (5 - 1).
1
What is the value of 52 + -58 + (9 - 1)?
2
Calculate (1 - (-3 + (-7 - -6))) + -13.
-8
What is -4 + 1 + (2 - -5) + -1?
3
What is (14 - 13 - (-1 + 6)) + 1?
-3
Evaluate 8 + -3 + (2 - (0 - -1)).
6
What is the value of -5 + 4 - (6 - (0 + 3))?
-4
Evaluate (-5 + -4 - -7) + 2.
0
3 + (2 - (13 + -4))
-4
Evaluate 7 + -9 + (0 - 2).
-4
Evaluate -6 + (4 - 9) + 7.
-4
What is the value of 2 + -5 + 4 + 3?
4
Evaluate -7 + 16 + -7 + 0.
2
Calculate (-22 - -11) + 8 + (-3 - -2).
-4
What is 13 + -16 + (0 - -4) + -2?
-1
Calculate ((1 - -1) + -1 - 5) + 5.
1
Calculate 0 + (10 - 14) + 11.
7
3 + -3 + -1 + 1
0
1 + -1 + 3 + (-11 - -6)
-2
(1 - (0 - 7)) + (0 - 3)
5
-5 + (-4 - -4 - -4) - 1
-2
What is the value of 2 + -2 + -5 + (8 - -1)?
4
-5 - (-8 + -9 + 5)
7
What is the value of 1 + (2 - 4) + (4 - -2)?
5
Calculate 3 - (-7 + -3 - -8).
5
Evaluate 5 + (-1 + -2 - (6 + -10)).
